{"id":900,"date":"2022-11-02T14:48:45","date_gmt":"2022-11-02T13:48:45","guid":{"rendered":"https:\/\/davidsibieude.art\/?page_id=900"},"modified":"2022-11-17T15:27:57","modified_gmt":"2022-11-17T14:27:57","slug":"premiere-exposition-collective","status":"publish","type":"page","link":"https:\/\/davidsibieude.art\/index.php\/premiere-exposition-collective\/","title":{"rendered":"Premi\u00e8re exposition collective"},"content":{"rendered":"\n<p>Galerie Merat Workteam &#8211; 13, rue Jacques Peirotes \u00e0 Strasbourg, France &#8211; du 25 au 30 juin 2007<\/p>\n\n\n\n<div style=\"height:100px\" aria-hidden=\"true\" class=\"wp-block-spacer\"><\/div>\n\n\n\n<p>Ma premi\u00e8re exposition collective s&rsquo;est tenue \u00e0 la galerie Merat Workteam. J&rsquo;ai eu l&rsquo;occasion d&rsquo;y pr\u00e9senter les installations <a href=\"https:\/\/davidsibieude.art\/index.php\/installation-2\/\"><em>\u00c9chelle<\/em><\/a> et <a href=\"https:\/\/davidsibieude.art\/index.php\/mur\/\"><em>Mur<\/em><\/a>. Tout au long de la semaine d&rsquo;exposition, j&rsquo;ai d\u00e9plac\u00e9 l&rsquo;installation <a href=\"https:\/\/davidsibieude.art\/index.php\/mur\/\"><em>Mur<\/em><\/a> \u00e0 plusieurs reprises dans la galerie pour montrer au public sa nature modulaire et sa raison d&rsquo;\u00eatre ambulante.<\/p>\n\n\n\n<div style=\"height:100px\" aria-hidden=\"true\" class=\"wp-block-spacer\"><\/div>\n\n\n\n<figure class=\"wp-block-image size-full is-resized\"><img data-recalc-dims=\"1\" loading=\"lazy\" decoding=\"async\" src=\"https:\/\/i0.wp.com\/davidsibieude.art\/wp-content\/uploads\/2022\/11\/30juin-07-070-1.jpg?resize=920%2C690&#038;ssl=1\" alt=\"\" class=\"wp-image-907\" width=\"920\" height=\"690\" srcset=\"https:\/\/i0.wp.com\/davidsibieude.art\/wp-content\/uploads\/2022\/11\/30juin-07-070-1.jpg?w=640&amp;ssl=1 640w, https:\/\/i0.wp.com\/davidsibieude.art\/wp-content\/uploads\/2022\/11\/30juin-07-070-1.jpg?resize=300%2C225&amp;ssl=1 300w\" sizes=\"auto, (max-width: 920px) 100vw, 920px\" \/><figcaption class=\"wp-element-caption\"><strong>Premi\u00e8re exposition collective<\/strong> \/ Vernissage &#8211; 2007<\/figcaption><\/figure>\n\n\n\n<div style=\"height:100px\" aria-hidden=\"true\" class=\"wp-block-spacer\"><\/div>\n\n\n\n<figure class=\"wp-block-image size-full is-resized\"><img data-recalc-dims=\"1\" loading=\"lazy\" decoding=\"async\" src=\"https:\/\/i0.wp.com\/davidsibieude.art\/wp-content\/uploads\/2022\/11\/30juin-07-115.jpg?resize=921%2C691&#038;ssl=1\" alt=\"\" class=\"wp-image-910\" width=\"921\" height=\"691\" srcset=\"https:\/\/i0.wp.com\/davidsibieude.art\/wp-content\/uploads\/2022\/11\/30juin-07-115.jpg?w=640&amp;ssl=1 640w, https:\/\/i0.wp.com\/davidsibieude.art\/wp-content\/uploads\/2022\/11\/30juin-07-115.jpg?resize=300%2C225&amp;ssl=1 300w\" sizes=\"auto, (max-width: 921px) 100vw, 921px\" \/><figcaption class=\"wp-element-caption\"><strong>Premi\u00e8re exposition collective<\/strong> \/ Vernissage &#8211; 2007<\/figcaption><\/figure>\n\n\n\n<div style=\"height:100px\" aria-hidden=\"true\" class=\"wp-block-spacer\"><\/div>\n\n\n\n<figure class=\"wp-block-image size-large is-resized\"><img data-recalc-dims=\"1\" loading=\"lazy\" decoding=\"async\" src=\"https:\/\/i0.wp.com\/davidsibieude.art\/wp-content\/uploads\/2022\/11\/Photo-juin2007-076.jpg?resize=920%2C1227&#038;ssl=1\" alt=\"\" class=\"wp-image-913\" width=\"920\" height=\"1227\" srcset=\"https:\/\/i0.wp.com\/davidsibieude.art\/wp-content\/uploads\/2022\/11\/Photo-juin2007-076.jpg?resize=768%2C1024&amp;ssl=1 768w, https:\/\/i0.wp.com\/davidsibieude.art\/wp-content\/uploads\/2022\/11\/Photo-juin2007-076.jpg?resize=225%2C300&amp;ssl=1 225w, https:\/\/i0.wp.com\/davidsibieude.art\/wp-content\/uploads\/2022\/11\/Photo-juin2007-076.jpg?resize=1152%2C1536&amp;ssl=1 1152w, https:\/\/i0.wp.com\/davidsibieude.art\/wp-content\/uploads\/2022\/11\/Photo-juin2007-076.jpg?resize=1536%2C2048&amp;ssl=1 1536w, https:\/\/i0.wp.com\/davidsibieude.art\/wp-content\/uploads\/2022\/11\/Photo-juin2007-076.jpg?w=1704&amp;ssl=1 1704w\" sizes=\"auto, (max-width: 920px) 100vw, 920px\" \/><figcaption class=\"wp-element-caption\"><strong>Premi\u00e8re exposition collective<\/strong> \/ \u00c9chelle &#8211; 2007<\/figcaption><\/figure>\n\n\n\n<div style=\"height:100px\" aria-hidden=\"true\" class=\"wp-block-spacer\"><\/div>\n\n\n\n<figure class=\"wp-block-image size-large\"><img data-recalc-dims=\"1\" loading=\"lazy\" decoding=\"async\" width=\"1024\" height=\"768\" src=\"https:\/\/i0.wp.com\/davidsibieude.art\/wp-content\/uploads\/2022\/11\/Photo-juin2007-072.jpg?resize=1024%2C768&#038;ssl=1\" alt=\"\" class=\"wp-image-918\" srcset=\"https:\/\/i0.wp.com\/davidsibieude.art\/wp-content\/uploads\/2022\/11\/Photo-juin2007-072.jpg?resize=1024%2C768&amp;ssl=1 1024w, https:\/\/i0.wp.com\/davidsibieude.art\/wp-content\/uploads\/2022\/11\/Photo-juin2007-072.jpg?resize=300%2C225&amp;ssl=1 300w, https:\/\/i0.wp.com\/davidsibieude.art\/wp-content\/uploads\/2022\/11\/Photo-juin2007-072.jpg?resize=768%2C576&amp;ssl=1 768w, https:\/\/i0.wp.com\/davidsibieude.art\/wp-content\/uploads\/2022\/11\/Photo-juin2007-072.jpg?resize=1536%2C1152&amp;ssl=1 1536w, https:\/\/i0.wp.com\/davidsibieude.art\/wp-content\/uploads\/2022\/11\/Photo-juin2007-072.jpg?resize=2048%2C1536&amp;ssl=1 2048w\" sizes=\"auto, (max-width: 1024px) 100vw, 1024px\" \/><figcaption class=\"wp-element-caption\"><strong>Premi\u00e8re exposition collective<\/strong> \/ Mur &#8211; 2007<\/figcaption><\/figure>\n\n\n\n<div style=\"height:100px\" aria-hidden=\"true\" class=\"wp-block-spacer\"><\/div>\n\n\n\n<figure class=\"wp-block-image size-full is-resized\"><img data-recalc-dims=\"1\" loading=\"lazy\" decoding=\"async\" src=\"https:\/\/i0.wp.com\/davidsibieude.art\/wp-content\/uploads\/2022\/11\/Photo-juillet-2007-009-.jpg?resize=919%2C690&#038;ssl=1\" alt=\"\" class=\"wp-image-929\" width=\"919\" height=\"690\" srcset=\"https:\/\/i0.wp.com\/davidsibieude.art\/wp-content\/uploads\/2022\/11\/Photo-juillet-2007-009-.jpg?w=570&amp;ssl=1 570w, https:\/\/i0.wp.com\/davidsibieude.art\/wp-content\/uploads\/2022\/11\/Photo-juillet-2007-009-.jpg?resize=300%2C225&amp;ssl=1 300w\" sizes=\"auto, (max-width: 919px) 100vw, 919px\" \/><figcaption class=\"wp-element-caption\"><strong>Premi\u00e8re exposition collective<\/strong> \/ Mur, vue depuis la rue &#8211; 2007<\/figcaption><\/figure>\n\n\n\n<div style=\"height:100px\" aria-hidden=\"true\" class=\"wp-block-spacer\"><\/div>\n\n\n\n<figure class=\"wp-block-image size-full is-resized\"><img data-recalc-dims=\"1\" loading=\"lazy\" decoding=\"async\" src=\"https:\/\/i0.wp.com\/davidsibieude.art\/wp-content\/uploads\/2022\/11\/Photo-septembre-2007-014-.jpg?resize=922%2C1229&#038;ssl=1\" alt=\"\" class=\"wp-image-915\" width=\"922\" height=\"1229\" srcset=\"https:\/\/i0.wp.com\/davidsibieude.art\/wp-content\/uploads\/2022\/11\/Photo-septembre-2007-014-.jpg?w=570&amp;ssl=1 570w, https:\/\/i0.wp.com\/davidsibieude.art\/wp-content\/uploads\/2022\/11\/Photo-septembre-2007-014-.jpg?resize=225%2C300&amp;ssl=1 225w\" sizes=\"auto, (max-width: 922px) 100vw, 922px\" \/><figcaption class=\"wp-element-caption\"><strong>Premi\u00e8re exposition collective<\/strong> \/ Mur, d\u00e9tail &#8211; 2007<\/figcaption><\/figure>\n","protected":false},"excerpt":{"rendered":"<p>Galerie Merat Workteam &#8211; 13, rue Jacques Peirotes \u00e0 Strasbourg, France &#8211; du 25 au 30 juin 2007 Ma premi\u00e8re exposition collective s&rsquo;est tenue \u00e0 la galerie Merat Workteam. J&rsquo;ai eu l&rsquo;occasion d&rsquo;y pr\u00e9senter les installations \u00c9chelle et Mur. Tout au long de la semaine d&rsquo;exposition, j&rsquo;ai d\u00e9plac\u00e9 l&rsquo;installation Mur \u00e0 plusieurs reprises dans la &#8230; <a title=\"Premi\u00e8re exposition collective\" class=\"read-more\" href=\"https:\/\/davidsibieude.art\/index.php\/premiere-exposition-collective\/\" aria-label=\"En savoir plus sur Premi\u00e8re exposition collective\">Lire la suite<\/a><\/p>\n","protected":false},"author":1,"featured_media":0,"parent":0,"menu_order":0,"comment_status":"closed","ping_status":"closed","template":"","meta":{"footnotes":""},"class_list":["post-900","page","type-page","status-publish"],"yoast_head":"<!-- This site is optimized with the Yoast SEO plugin v26.0 - https:\/\/yoast.com\/wordpress\/plugins\/seo\/ -->\n<title>Premi\u00e8re exposition collective - David Sibieude<\/title>\n<meta name=\"robots\" content=\"index, follow, max-snippet:-1, max-image-preview:large, max-video-preview:-1\" \/>\n<link rel=\"canonical\" href=\"https:\/\/davidsibieude.art\/index.php\/premiere-exposition-collective\/\" \/>\n<meta property=\"og:locale\" content=\"fr_FR\" \/>\n<meta property=\"og:type\" content=\"article\" \/>\n<meta property=\"og:title\" content=\"Premi\u00e8re exposition collective - David Sibieude\" \/>\n<meta property=\"og:description\" content=\"Galerie Merat Workteam &#8211; 13, rue Jacques Peirotes \u00e0 Strasbourg, France &#8211; du 25 au 30 juin 2007 Ma premi\u00e8re exposition collective s&rsquo;est tenue \u00e0 la galerie Merat Workteam. J&rsquo;ai eu l&rsquo;occasion d&rsquo;y pr\u00e9senter les installations \u00c9chelle et Mur. Tout au long de la semaine d&rsquo;exposition, j&rsquo;ai d\u00e9plac\u00e9 l&rsquo;installation Mur \u00e0 plusieurs reprises dans la ... Lire la suite\" \/>\n<meta property=\"og:url\" content=\"https:\/\/davidsibieude.art\/index.php\/premiere-exposition-collective\/\" \/>\n<meta property=\"og:site_name\" content=\"David Sibieude\" \/>\n<meta property=\"article:modified_time\" content=\"2022-11-17T14:27:57+00:00\" \/>\n<meta property=\"og:image\" content=\"https:\/\/davidsibieude.art\/wp-content\/uploads\/2022\/11\/30juin-07-070-1.jpg\" \/>\n<meta name=\"twitter:card\" content=\"summary_large_image\" \/>\n<meta name=\"twitter:label1\" content=\"Dur\u00e9e de lecture estim\u00e9e\" \/>\n\t<meta name=\"twitter:data1\" content=\"1 minute\" \/>\n<script type=\"application\/ld+json\" class=\"yoast-schema-graph\">{\"@context\":\"https:\/\/schema.org\",\"@graph\":[{\"@type\":\"WebPage\",\"@id\":\"https:\/\/davidsibieude.art\/index.php\/premiere-exposition-collective\/\",\"url\":\"https:\/\/davidsibieude.art\/index.php\/premiere-exposition-collective\/\",\"name\":\"Premi\u00e8re exposition collective - David Sibieude\",\"isPartOf\":{\"@id\":\"https:\/\/davidsibieude.art\/#website\"},\"primaryImageOfPage\":{\"@id\":\"https:\/\/davidsibieude.art\/index.php\/premiere-exposition-collective\/#primaryimage\"},\"image\":{\"@id\":\"https:\/\/davidsibieude.art\/index.php\/premiere-exposition-collective\/#primaryimage\"},\"thumbnailUrl\":\"https:\/\/davidsibieude.art\/wp-content\/uploads\/2022\/11\/30juin-07-070-1.jpg\",\"datePublished\":\"2022-11-02T13:48:45+00:00\",\"dateModified\":\"2022-11-17T14:27:57+00:00\",\"breadcrumb\":{\"@id\":\"https:\/\/davidsibieude.art\/index.php\/premiere-exposition-collective\/#breadcrumb\"},\"inLanguage\":\"fr-FR\",\"potentialAction\":[{\"@type\":\"ReadAction\",\"target\":[\"https:\/\/davidsibieude.art\/index.php\/premiere-exposition-collective\/\"]}]},{\"@type\":\"ImageObject\",\"inLanguage\":\"fr-FR\",\"@id\":\"https:\/\/davidsibieude.art\/index.php\/premiere-exposition-collective\/#primaryimage\",\"url\":\"https:\/\/i0.wp.com\/davidsibieude.art\/wp-content\/uploads\/2022\/11\/30juin-07-070-1.jpg?fit=640%2C480&ssl=1\",\"contentUrl\":\"https:\/\/i0.wp.com\/davidsibieude.art\/wp-content\/uploads\/2022\/11\/30juin-07-070-1.jpg?fit=640%2C480&ssl=1\",\"width\":640,\"height\":480},{\"@type\":\"BreadcrumbList\",\"@id\":\"https:\/\/davidsibieude.art\/index.php\/premiere-exposition-collective\/#breadcrumb\",\"itemListElement\":[{\"@type\":\"ListItem\",\"position\":1,\"name\":\"Accueil\",\"item\":\"https:\/\/davidsibieude.art\/\"},{\"@type\":\"ListItem\",\"position\":2,\"name\":\"Premi\u00e8re exposition collective\"}]},{\"@type\":\"WebSite\",\"@id\":\"https:\/\/davidsibieude.art\/#website\",\"url\":\"https:\/\/davidsibieude.art\/\",\"name\":\"David Sibieude\",\"description\":\"artiste peintre\",\"potentialAction\":[{\"@type\":\"SearchAction\",\"target\":{\"@type\":\"EntryPoint\",\"urlTemplate\":\"https:\/\/davidsibieude.art\/?s={search_term_string}\"},\"query-input\":{\"@type\":\"PropertyValueSpecification\",\"valueRequired\":true,\"valueName\":\"search_term_string\"}}],\"inLanguage\":\"fr-FR\"}]}<\/script>\n<!-- \/ Yoast SEO plugin. -->","yoast_head_json":{"title":"Premi\u00e8re exposition collective - David Sibieude","robots":{"index":"index","follow":"follow","max-snippet":"max-snippet:-1","max-image-preview":"max-image-preview:large","max-video-preview":"max-video-preview:-1"},"canonical":"https:\/\/davidsibieude.art\/index.php\/premiere-exposition-collective\/","og_locale":"fr_FR","og_type":"article","og_title":"Premi\u00e8re exposition collective - David Sibieude","og_description":"Galerie Merat Workteam &#8211; 13, rue Jacques Peirotes \u00e0 Strasbourg, France &#8211; du 25 au 30 juin 2007 Ma premi\u00e8re exposition collective s&rsquo;est tenue \u00e0 la galerie Merat Workteam. J&rsquo;ai eu l&rsquo;occasion d&rsquo;y pr\u00e9senter les installations \u00c9chelle et Mur. Tout au long de la semaine d&rsquo;exposition, j&rsquo;ai d\u00e9plac\u00e9 l&rsquo;installation Mur \u00e0 plusieurs reprises dans la ... Lire la suite","og_url":"https:\/\/davidsibieude.art\/index.php\/premiere-exposition-collective\/","og_site_name":"David Sibieude","article_modified_time":"2022-11-17T14:27:57+00:00","og_image":[{"url":"https:\/\/davidsibieude.art\/wp-content\/uploads\/2022\/11\/30juin-07-070-1.jpg","type":"","width":"","height":""}],"twitter_card":"summary_large_image","twitter_misc":{"Dur\u00e9e de lecture estim\u00e9e":"1 minute"},"schema":{"@context":"https:\/\/schema.org","@graph":[{"@type":"WebPage","@id":"https:\/\/davidsibieude.art\/index.php\/premiere-exposition-collective\/","url":"https:\/\/davidsibieude.art\/index.php\/premiere-exposition-collective\/","name":"Premi\u00e8re exposition collective - David Sibieude","isPartOf":{"@id":"https:\/\/davidsibieude.art\/#website"},"primaryImageOfPage":{"@id":"https:\/\/davidsibieude.art\/index.php\/premiere-exposition-collective\/#primaryimage"},"image":{"@id":"https:\/\/davidsibieude.art\/index.php\/premiere-exposition-collective\/#primaryimage"},"thumbnailUrl":"https:\/\/davidsibieude.art\/wp-content\/uploads\/2022\/11\/30juin-07-070-1.jpg","datePublished":"2022-11-02T13:48:45+00:00","dateModified":"2022-11-17T14:27:57+00:00","breadcrumb":{"@id":"https:\/\/davidsibieude.art\/index.php\/premiere-exposition-collective\/#breadcrumb"},"inLanguage":"fr-FR","potentialAction":[{"@type":"ReadAction","target":["https:\/\/davidsibieude.art\/index.php\/premiere-exposition-collective\/"]}]},{"@type":"ImageObject","inLanguage":"fr-FR","@id":"https:\/\/davidsibieude.art\/index.php\/premiere-exposition-collective\/#primaryimage","url":"https:\/\/i0.wp.com\/davidsibieude.art\/wp-content\/uploads\/2022\/11\/30juin-07-070-1.jpg?fit=640%2C480&ssl=1","contentUrl":"https:\/\/i0.wp.com\/davidsibieude.art\/wp-content\/uploads\/2022\/11\/30juin-07-070-1.jpg?fit=640%2C480&ssl=1","width":640,"height":480},{"@type":"BreadcrumbList","@id":"https:\/\/davidsibieude.art\/index.php\/premiere-exposition-collective\/#breadcrumb","itemListElement":[{"@type":"ListItem","position":1,"name":"Accueil","item":"https:\/\/davidsibieude.art\/"},{"@type":"ListItem","position":2,"name":"Premi\u00e8re exposition collective"}]},{"@type":"WebSite","@id":"https:\/\/davidsibieude.art\/#website","url":"https:\/\/davidsibieude.art\/","name":"David Sibieude","description":"artiste peintre","potentialAction":[{"@type":"SearchAction","target":{"@type":"EntryPoint","urlTemplate":"https:\/\/davidsibieude.art\/?s={search_term_string}"},"query-input":{"@type":"PropertyValueSpecification","valueRequired":true,"valueName":"search_term_string"}}],"inLanguage":"fr-FR"}]}},"jetpack_sharing_enabled":true,"_links":{"self":[{"href":"https:\/\/davidsibieude.art\/index.php\/wp-json\/wp\/v2\/pages\/900","targetHints":{"allow":["GET"]}}],"collection":[{"href":"https:\/\/davidsibieude.art\/index.php\/wp-json\/wp\/v2\/pages"}],"about":[{"href":"https:\/\/davidsibieude.art\/index.php\/wp-json\/wp\/v2\/types\/page"}],"author":[{"embeddable":true,"href":"https:\/\/davidsibieude.art\/index.php\/wp-json\/wp\/v2\/users\/1"}],"replies":[{"embeddable":true,"href":"https:\/\/davidsibieude.art\/index.php\/wp-json\/wp\/v2\/comments?post=900"}],"version-history":[{"count":16,"href":"https:\/\/davidsibieude.art\/index.php\/wp-json\/wp\/v2\/pages\/900\/revisions"}],"predecessor-version":[{"id":2302,"href":"https:\/\/davidsibieude.art\/index.php\/wp-json\/wp\/v2\/pages\/900\/revisions\/2302"}],"wp:attachment":[{"href":"https:\/\/davidsibieude.art\/index.php\/wp-json\/wp\/v2\/media?parent=900"}],"curies":[{"name":"wp","href":"https:\/\/api.w.org\/{rel}","templated":true}]}}