{"id":615,"date":"2022-11-01T19:04:54","date_gmt":"2022-11-01T18:04:54","guid":{"rendered":"https:\/\/davidsibieude.art\/?page_id=615"},"modified":"2022-11-09T21:56:15","modified_gmt":"2022-11-09T20:56:15","slug":"exposition-ateliers-ouverts-2014","status":"publish","type":"page","link":"https:\/\/davidsibieude.art\/index.php\/exposition-ateliers-ouverts-2014\/","title":{"rendered":"Exposition Ateliers Ouverts"},"content":{"rendered":"\n<p>La Semencerie &#8211; 42, Rue du Ban-de-la-Roche \u00e0 Strasbourg, France &#8211; 17, 18 et 24, 25 mai 2014<\/p>\n\n\n\n<div style=\"height:100px\" aria-hidden=\"true\" class=\"wp-block-spacer\"><\/div>\n\n\n\n<p><em>Les Ateliers Ouverts<\/em> est une manifestation organis\u00e9e par l&rsquo;association Acc\u00e9l\u00e9rateur de Particules qui promeut l&rsquo;art et qui est destin\u00e9e \u00e0 ouvrir au grand public les ateliers des artistes strasbourgeois (et alsaciens de mani\u00e8re g\u00e9n\u00e9rale). Cet \u00e9v\u00e8nement se d\u00e9roule chaque ann\u00e9e depuis 1992 et propose de d\u00e9couvrir, sur deux week-end du mois de mai, la cr\u00e9ation artistique locale.<br>C&rsquo;est suite \u00e0 l&rsquo;invitation des artistes membres de l&rsquo;atelier collectif de La Semencerie que j&rsquo;ai eu l&rsquo;occasion d&rsquo;y pr\u00e9senter pour la premi\u00e8re fois certaines de mes \u0153uvres de la s\u00e9rie <a href=\"https:\/\/davidsibieude.art\/index.php\/peinture-sans-support-peinture-installee\/\"><em>Peinture sans support \/ Peinture install\u00e9e<\/em><\/a>.<\/p>\n\n\n\n<div style=\"height:100px\" aria-hidden=\"true\" class=\"wp-block-spacer\"><\/div>\n\n\n\n<figure class=\"wp-block-image size-large is-resized\"><img data-recalc-dims=\"1\" loading=\"lazy\" decoding=\"async\" src=\"https:\/\/i0.wp.com\/davidsibieude.art\/wp-content\/uploads\/2022\/11\/2014-05-17-17.30.30.jpg?resize=920%2C1227&#038;ssl=1\" alt=\"\" class=\"wp-image-1355\" width=\"920\" height=\"1227\" srcset=\"https:\/\/i0.wp.com\/davidsibieude.art\/wp-content\/uploads\/2022\/11\/2014-05-17-17.30.30.jpg?resize=768%2C1024&amp;ssl=1 768w, https:\/\/i0.wp.com\/davidsibieude.art\/wp-content\/uploads\/2022\/11\/2014-05-17-17.30.30.jpg?resize=225%2C300&amp;ssl=1 225w, https:\/\/i0.wp.com\/davidsibieude.art\/wp-content\/uploads\/2022\/11\/2014-05-17-17.30.30.jpg?resize=1152%2C1536&amp;ssl=1 1152w, https:\/\/i0.wp.com\/davidsibieude.art\/wp-content\/uploads\/2022\/11\/2014-05-17-17.30.30.jpg?w=1200&amp;ssl=1 1200w\" sizes=\"auto, (max-width: 920px) 100vw, 920px\" \/><figcaption class=\"wp-element-caption\"><strong>Exposition Ateliers Ouverts<\/strong> \/ Petites peintures &#8211; 2014<\/figcaption><\/figure>\n\n\n\n<div style=\"height:100px\" aria-hidden=\"true\" class=\"wp-block-spacer\"><\/div>\n\n\n\n<figure class=\"wp-block-image size-full\"><img data-recalc-dims=\"1\" loading=\"lazy\" decoding=\"async\" width=\"1024\" height=\"768\" src=\"https:\/\/i0.wp.com\/davidsibieude.art\/wp-content\/uploads\/2022\/11\/17-mai-2014-565-1.jpg?resize=1024%2C768&#038;ssl=1\" alt=\"\" class=\"wp-image-621\" srcset=\"https:\/\/i0.wp.com\/davidsibieude.art\/wp-content\/uploads\/2022\/11\/17-mai-2014-565-1.jpg?w=1024&amp;ssl=1 1024w, https:\/\/i0.wp.com\/davidsibieude.art\/wp-content\/uploads\/2022\/11\/17-mai-2014-565-1.jpg?resize=300%2C225&amp;ssl=1 300w, https:\/\/i0.wp.com\/davidsibieude.art\/wp-content\/uploads\/2022\/11\/17-mai-2014-565-1.jpg?resize=768%2C576&amp;ssl=1 768w\" sizes=\"auto, (max-width: 1024px) 100vw, 1024px\" \/><figcaption class=\"wp-element-caption\"><strong>Exposition Ateliers Ouverts<\/strong> \/ Petites peintures &#8211; 2014<\/figcaption><\/figure>\n\n\n\n<div style=\"height:100px\" aria-hidden=\"true\" class=\"wp-block-spacer\"><\/div>\n\n\n\n<figure class=\"wp-block-image size-large is-resized\"><img data-recalc-dims=\"1\" loading=\"lazy\" decoding=\"async\" src=\"https:\/\/i0.wp.com\/davidsibieude.art\/wp-content\/uploads\/2022\/11\/2014-05-17-18.26.58.jpg?resize=921%2C1228&#038;ssl=1\" alt=\"\" class=\"wp-image-622\" width=\"921\" height=\"1228\" srcset=\"https:\/\/i0.wp.com\/davidsibieude.art\/wp-content\/uploads\/2022\/11\/2014-05-17-18.26.58.jpg?resize=768%2C1024&amp;ssl=1 768w, https:\/\/i0.wp.com\/davidsibieude.art\/wp-content\/uploads\/2022\/11\/2014-05-17-18.26.58.jpg?resize=225%2C300&amp;ssl=1 225w, https:\/\/i0.wp.com\/davidsibieude.art\/wp-content\/uploads\/2022\/11\/2014-05-17-18.26.58.jpg?resize=1152%2C1536&amp;ssl=1 1152w, https:\/\/i0.wp.com\/davidsibieude.art\/wp-content\/uploads\/2022\/11\/2014-05-17-18.26.58.jpg?w=1200&amp;ssl=1 1200w\" sizes=\"auto, (max-width: 921px) 100vw, 921px\" \/><figcaption class=\"wp-element-caption\"><strong>Exposition Ateliers Ouverts<\/strong> \/ Vue hall d&rsquo;entr\u00e9e exposition &#8211; 2014<\/figcaption><\/figure>\n\n\n\n<div style=\"height:100px\" aria-hidden=\"true\" class=\"wp-block-spacer\"><\/div>\n\n\n\n<figure class=\"wp-block-image size-full is-resized\"><img data-recalc-dims=\"1\" loading=\"lazy\" decoding=\"async\" src=\"https:\/\/i0.wp.com\/davidsibieude.art\/wp-content\/uploads\/2022\/11\/10302056_725946127468445_1981731371642664997_n.jpg?resize=920%2C1300&#038;ssl=1\" alt=\"\" class=\"wp-image-627\" width=\"920\" height=\"1300\" srcset=\"https:\/\/i0.wp.com\/davidsibieude.art\/wp-content\/uploads\/2022\/11\/10302056_725946127468445_1981731371642664997_n.jpg?w=596&amp;ssl=1 596w, https:\/\/i0.wp.com\/davidsibieude.art\/wp-content\/uploads\/2022\/11\/10302056_725946127468445_1981731371642664997_n.jpg?resize=212%2C300&amp;ssl=1 212w\" sizes=\"auto, (max-width: 920px) 100vw, 920px\" \/><figcaption class=\"wp-element-caption\"><strong>Exposition Ateliers Ouverts<\/strong> \/ Affiche &#8211; 2014<\/figcaption><\/figure>\n","protected":false},"excerpt":{"rendered":"<p>La Semencerie &#8211; 42, Rue du Ban-de-la-Roche \u00e0 Strasbourg, France &#8211; 17, 18 et 24, 25 mai 2014 Les Ateliers Ouverts est une manifestation organis\u00e9e par l&rsquo;association Acc\u00e9l\u00e9rateur de Particules qui promeut l&rsquo;art et qui est destin\u00e9e \u00e0 ouvrir au grand public les ateliers des artistes strasbourgeois (et alsaciens de mani\u00e8re g\u00e9n\u00e9rale). Cet \u00e9v\u00e8nement se &#8230; <a title=\"Exposition Ateliers Ouverts\" class=\"read-more\" href=\"https:\/\/davidsibieude.art\/index.php\/exposition-ateliers-ouverts-2014\/\" aria-label=\"En savoir plus sur Exposition Ateliers Ouverts\">Lire la suite<\/a><\/p>\n","protected":false},"author":1,"featured_media":0,"parent":0,"menu_order":0,"comment_status":"closed","ping_status":"closed","template":"","meta":{"footnotes":""},"class_list":["post-615","page","type-page","status-publish"],"yoast_head":"<!-- This site is optimized with the Yoast SEO plugin v26.0 - https:\/\/yoast.com\/wordpress\/plugins\/seo\/ -->\n<title>Exposition Ateliers Ouverts - David Sibieude<\/title>\n<meta name=\"robots\" content=\"index, follow, max-snippet:-1, max-image-preview:large, max-video-preview:-1\" \/>\n<link rel=\"canonical\" href=\"https:\/\/davidsibieude.art\/index.php\/exposition-ateliers-ouverts-2014\/\" \/>\n<meta property=\"og:locale\" content=\"fr_FR\" \/>\n<meta property=\"og:type\" content=\"article\" \/>\n<meta property=\"og:title\" content=\"Exposition Ateliers Ouverts - David Sibieude\" \/>\n<meta property=\"og:description\" content=\"La Semencerie &#8211; 42, Rue du Ban-de-la-Roche \u00e0 Strasbourg, France &#8211; 17, 18 et 24, 25 mai 2014 Les Ateliers Ouverts est une manifestation organis\u00e9e par l&rsquo;association Acc\u00e9l\u00e9rateur de Particules qui promeut l&rsquo;art et qui est destin\u00e9e \u00e0 ouvrir au grand public les ateliers des artistes strasbourgeois (et alsaciens de mani\u00e8re g\u00e9n\u00e9rale). Cet \u00e9v\u00e8nement se ... Lire la suite\" \/>\n<meta property=\"og:url\" content=\"https:\/\/davidsibieude.art\/index.php\/exposition-ateliers-ouverts-2014\/\" \/>\n<meta property=\"og:site_name\" content=\"David Sibieude\" \/>\n<meta property=\"article:modified_time\" content=\"2022-11-09T20:56:15+00:00\" \/>\n<meta property=\"og:image\" content=\"https:\/\/davidsibieude.art\/wp-content\/uploads\/2022\/11\/2014-05-17-17.30.30-768x1024.jpg\" \/>\n<meta name=\"twitter:card\" content=\"summary_large_image\" \/>\n<meta name=\"twitter:label1\" content=\"Dur\u00e9e de lecture estim\u00e9e\" \/>\n\t<meta name=\"twitter:data1\" content=\"1 minute\" \/>\n<script type=\"application\/ld+json\" class=\"yoast-schema-graph\">{\"@context\":\"https:\/\/schema.org\",\"@graph\":[{\"@type\":\"WebPage\",\"@id\":\"https:\/\/davidsibieude.art\/index.php\/exposition-ateliers-ouverts-2014\/\",\"url\":\"https:\/\/davidsibieude.art\/index.php\/exposition-ateliers-ouverts-2014\/\",\"name\":\"Exposition Ateliers Ouverts - David Sibieude\",\"isPartOf\":{\"@id\":\"https:\/\/davidsibieude.art\/#website\"},\"primaryImageOfPage\":{\"@id\":\"https:\/\/davidsibieude.art\/index.php\/exposition-ateliers-ouverts-2014\/#primaryimage\"},\"image\":{\"@id\":\"https:\/\/davidsibieude.art\/index.php\/exposition-ateliers-ouverts-2014\/#primaryimage\"},\"thumbnailUrl\":\"https:\/\/davidsibieude.art\/wp-content\/uploads\/2022\/11\/2014-05-17-17.30.30-768x1024.jpg\",\"datePublished\":\"2022-11-01T18:04:54+00:00\",\"dateModified\":\"2022-11-09T20:56:15+00:00\",\"breadcrumb\":{\"@id\":\"https:\/\/davidsibieude.art\/index.php\/exposition-ateliers-ouverts-2014\/#breadcrumb\"},\"inLanguage\":\"fr-FR\",\"potentialAction\":[{\"@type\":\"ReadAction\",\"target\":[\"https:\/\/davidsibieude.art\/index.php\/exposition-ateliers-ouverts-2014\/\"]}]},{\"@type\":\"ImageObject\",\"inLanguage\":\"fr-FR\",\"@id\":\"https:\/\/davidsibieude.art\/index.php\/exposition-ateliers-ouverts-2014\/#primaryimage\",\"url\":\"https:\/\/i0.wp.com\/davidsibieude.art\/wp-content\/uploads\/2022\/11\/2014-05-17-17.30.30.jpg?fit=1200%2C1600&ssl=1\",\"contentUrl\":\"https:\/\/i0.wp.com\/davidsibieude.art\/wp-content\/uploads\/2022\/11\/2014-05-17-17.30.30.jpg?fit=1200%2C1600&ssl=1\",\"width\":1200,\"height\":1600},{\"@type\":\"BreadcrumbList\",\"@id\":\"https:\/\/davidsibieude.art\/index.php\/exposition-ateliers-ouverts-2014\/#breadcrumb\",\"itemListElement\":[{\"@type\":\"ListItem\",\"position\":1,\"name\":\"Accueil\",\"item\":\"https:\/\/davidsibieude.art\/\"},{\"@type\":\"ListItem\",\"position\":2,\"name\":\"Exposition Ateliers Ouverts\"}]},{\"@type\":\"WebSite\",\"@id\":\"https:\/\/davidsibieude.art\/#website\",\"url\":\"https:\/\/davidsibieude.art\/\",\"name\":\"David Sibieude\",\"description\":\"artiste peintre\",\"potentialAction\":[{\"@type\":\"SearchAction\",\"target\":{\"@type\":\"EntryPoint\",\"urlTemplate\":\"https:\/\/davidsibieude.art\/?s={search_term_string}\"},\"query-input\":{\"@type\":\"PropertyValueSpecification\",\"valueRequired\":true,\"valueName\":\"search_term_string\"}}],\"inLanguage\":\"fr-FR\"}]}<\/script>\n<!-- \/ Yoast SEO plugin. -->","yoast_head_json":{"title":"Exposition Ateliers Ouverts - David Sibieude","robots":{"index":"index","follow":"follow","max-snippet":"max-snippet:-1","max-image-preview":"max-image-preview:large","max-video-preview":"max-video-preview:-1"},"canonical":"https:\/\/davidsibieude.art\/index.php\/exposition-ateliers-ouverts-2014\/","og_locale":"fr_FR","og_type":"article","og_title":"Exposition Ateliers Ouverts - David Sibieude","og_description":"La Semencerie &#8211; 42, Rue du Ban-de-la-Roche \u00e0 Strasbourg, France &#8211; 17, 18 et 24, 25 mai 2014 Les Ateliers Ouverts est une manifestation organis\u00e9e par l&rsquo;association Acc\u00e9l\u00e9rateur de Particules qui promeut l&rsquo;art et qui est destin\u00e9e \u00e0 ouvrir au grand public les ateliers des artistes strasbourgeois (et alsaciens de mani\u00e8re g\u00e9n\u00e9rale). Cet \u00e9v\u00e8nement se ... Lire la suite","og_url":"https:\/\/davidsibieude.art\/index.php\/exposition-ateliers-ouverts-2014\/","og_site_name":"David Sibieude","article_modified_time":"2022-11-09T20:56:15+00:00","og_image":[{"url":"https:\/\/davidsibieude.art\/wp-content\/uploads\/2022\/11\/2014-05-17-17.30.30-768x1024.jpg","type":"","width":"","height":""}],"twitter_card":"summary_large_image","twitter_misc":{"Dur\u00e9e de lecture estim\u00e9e":"1 minute"},"schema":{"@context":"https:\/\/schema.org","@graph":[{"@type":"WebPage","@id":"https:\/\/davidsibieude.art\/index.php\/exposition-ateliers-ouverts-2014\/","url":"https:\/\/davidsibieude.art\/index.php\/exposition-ateliers-ouverts-2014\/","name":"Exposition Ateliers Ouverts - David Sibieude","isPartOf":{"@id":"https:\/\/davidsibieude.art\/#website"},"primaryImageOfPage":{"@id":"https:\/\/davidsibieude.art\/index.php\/exposition-ateliers-ouverts-2014\/#primaryimage"},"image":{"@id":"https:\/\/davidsibieude.art\/index.php\/exposition-ateliers-ouverts-2014\/#primaryimage"},"thumbnailUrl":"https:\/\/davidsibieude.art\/wp-content\/uploads\/2022\/11\/2014-05-17-17.30.30-768x1024.jpg","datePublished":"2022-11-01T18:04:54+00:00","dateModified":"2022-11-09T20:56:15+00:00","breadcrumb":{"@id":"https:\/\/davidsibieude.art\/index.php\/exposition-ateliers-ouverts-2014\/#breadcrumb"},"inLanguage":"fr-FR","potentialAction":[{"@type":"ReadAction","target":["https:\/\/davidsibieude.art\/index.php\/exposition-ateliers-ouverts-2014\/"]}]},{"@type":"ImageObject","inLanguage":"fr-FR","@id":"https:\/\/davidsibieude.art\/index.php\/exposition-ateliers-ouverts-2014\/#primaryimage","url":"https:\/\/i0.wp.com\/davidsibieude.art\/wp-content\/uploads\/2022\/11\/2014-05-17-17.30.30.jpg?fit=1200%2C1600&ssl=1","contentUrl":"https:\/\/i0.wp.com\/davidsibieude.art\/wp-content\/uploads\/2022\/11\/2014-05-17-17.30.30.jpg?fit=1200%2C1600&ssl=1","width":1200,"height":1600},{"@type":"BreadcrumbList","@id":"https:\/\/davidsibieude.art\/index.php\/exposition-ateliers-ouverts-2014\/#breadcrumb","itemListElement":[{"@type":"ListItem","position":1,"name":"Accueil","item":"https:\/\/davidsibieude.art\/"},{"@type":"ListItem","position":2,"name":"Exposition Ateliers Ouverts"}]},{"@type":"WebSite","@id":"https:\/\/davidsibieude.art\/#website","url":"https:\/\/davidsibieude.art\/","name":"David Sibieude","description":"artiste peintre","potentialAction":[{"@type":"SearchAction","target":{"@type":"EntryPoint","urlTemplate":"https:\/\/davidsibieude.art\/?s={search_term_string}"},"query-input":{"@type":"PropertyValueSpecification","valueRequired":true,"valueName":"search_term_string"}}],"inLanguage":"fr-FR"}]}},"jetpack_sharing_enabled":true,"_links":{"self":[{"href":"https:\/\/davidsibieude.art\/index.php\/wp-json\/wp\/v2\/pages\/615","targetHints":{"allow":["GET"]}}],"collection":[{"href":"https:\/\/davidsibieude.art\/index.php\/wp-json\/wp\/v2\/pages"}],"about":[{"href":"https:\/\/davidsibieude.art\/index.php\/wp-json\/wp\/v2\/types\/page"}],"author":[{"embeddable":true,"href":"https:\/\/davidsibieude.art\/index.php\/wp-json\/wp\/v2\/users\/1"}],"replies":[{"embeddable":true,"href":"https:\/\/davidsibieude.art\/index.php\/wp-json\/wp\/v2\/comments?post=615"}],"version-history":[{"count":12,"href":"https:\/\/davidsibieude.art\/index.php\/wp-json\/wp\/v2\/pages\/615\/revisions"}],"predecessor-version":[{"id":2177,"href":"https:\/\/davidsibieude.art\/index.php\/wp-json\/wp\/v2\/pages\/615\/revisions\/2177"}],"wp:attachment":[{"href":"https:\/\/davidsibieude.art\/index.php\/wp-json\/wp\/v2\/media?parent=615"}],"curies":[{"name":"wp","href":"https:\/\/api.w.org\/{rel}","templated":true}]}}