{"id":146,"date":"2022-10-04T10:47:46","date_gmt":"2022-10-04T08:47:46","guid":{"rendered":"https:\/\/davidsibieude.art\/?page_id=146"},"modified":"2022-11-09T20:32:40","modified_gmt":"2022-11-09T19:32:40","slug":"dessin-crayon","status":"publish","type":"page","link":"https:\/\/davidsibieude.art\/index.php\/dessin-crayon\/","title":{"rendered":"Dessin crayon"},"content":{"rendered":"\n<div style=\"height:100px\" aria-hidden=\"true\" class=\"wp-block-spacer\"><\/div>\n\n\n\n<p><br>Cette s\u00e9rie r\u00e9unit des dessins r\u00e9alis\u00e9s avec des crayons de couleur ou des mines de plomb. Je dessine toujours sur le motif ou d\u2019apr\u00e8s des croquis r\u00e9alis\u00e9s sur le motif et n\u2019aime pas travailler d\u2019apr\u00e8s photographie.<\/p>\n\n\n\n<div style=\"height:100px\" aria-hidden=\"true\" class=\"wp-block-spacer\"><\/div>\n\n\n\n<figure class=\"wp-block-image size-large\"><img data-recalc-dims=\"1\" loading=\"lazy\" decoding=\"async\" width=\"1024\" height=\"765\" src=\"https:\/\/i0.wp.com\/davidsibieude.art\/wp-content\/uploads\/2022\/11\/La-piscine-gonflable-orange-21-cm-x-29-cm-2018.jpg?resize=1024%2C765&#038;ssl=1\" alt=\"\" class=\"wp-image-1907\" srcset=\"https:\/\/i0.wp.com\/davidsibieude.art\/wp-content\/uploads\/2022\/11\/La-piscine-gonflable-orange-21-cm-x-29-cm-2018.jpg?resize=1024%2C765&amp;ssl=1 1024w, https:\/\/i0.wp.com\/davidsibieude.art\/wp-content\/uploads\/2022\/11\/La-piscine-gonflable-orange-21-cm-x-29-cm-2018.jpg?resize=300%2C224&amp;ssl=1 300w, https:\/\/i0.wp.com\/davidsibieude.art\/wp-content\/uploads\/2022\/11\/La-piscine-gonflable-orange-21-cm-x-29-cm-2018.jpg?resize=768%2C574&amp;ssl=1 768w, https:\/\/i0.wp.com\/davidsibieude.art\/wp-content\/uploads\/2022\/11\/La-piscine-gonflable-orange-21-cm-x-29-cm-2018.jpg?resize=1536%2C1148&amp;ssl=1 1536w, https:\/\/i0.wp.com\/davidsibieude.art\/wp-content\/uploads\/2022\/11\/La-piscine-gonflable-orange-21-cm-x-29-cm-2018.jpg?resize=2048%2C1530&amp;ssl=1 2048w\" sizes=\"auto, (max-width: 1024px) 100vw, 1024px\" \/><figcaption class=\"wp-element-caption\"><strong>Dessin crayon<\/strong> \/ La piscine gonflable orange &#8211; 21 cm x 29 cm &#8211; 2018<\/figcaption><\/figure>\n\n\n\n<div style=\"height:100px\" aria-hidden=\"true\" class=\"wp-block-spacer\"><\/div>\n\n\n\n<figure class=\"wp-block-image size-large\"><img data-recalc-dims=\"1\" loading=\"lazy\" decoding=\"async\" width=\"1024\" height=\"779\" src=\"https:\/\/i0.wp.com\/davidsibieude.art\/wp-content\/uploads\/2022\/11\/Vue-Bassin-du-commerce-port-du-Rhin-2017-21-cm-x-297-cm-1.jpg?resize=1024%2C779&#038;ssl=1\" alt=\"\" class=\"wp-image-1906\" srcset=\"https:\/\/i0.wp.com\/davidsibieude.art\/wp-content\/uploads\/2022\/11\/Vue-Bassin-du-commerce-port-du-Rhin-2017-21-cm-x-297-cm-1.jpg?resize=1024%2C779&amp;ssl=1 1024w, https:\/\/i0.wp.com\/davidsibieude.art\/wp-content\/uploads\/2022\/11\/Vue-Bassin-du-commerce-port-du-Rhin-2017-21-cm-x-297-cm-1.jpg?resize=300%2C228&amp;ssl=1 300w, https:\/\/i0.wp.com\/davidsibieude.art\/wp-content\/uploads\/2022\/11\/Vue-Bassin-du-commerce-port-du-Rhin-2017-21-cm-x-297-cm-1.jpg?resize=768%2C585&amp;ssl=1 768w, https:\/\/i0.wp.com\/davidsibieude.art\/wp-content\/uploads\/2022\/11\/Vue-Bassin-du-commerce-port-du-Rhin-2017-21-cm-x-297-cm-1.jpg?resize=1536%2C1169&amp;ssl=1 1536w, https:\/\/i0.wp.com\/davidsibieude.art\/wp-content\/uploads\/2022\/11\/Vue-Bassin-du-commerce-port-du-Rhin-2017-21-cm-x-297-cm-1.jpg?resize=2048%2C1559&amp;ssl=1 2048w\" sizes=\"auto, (max-width: 1024px) 100vw, 1024px\" \/><figcaption class=\"wp-element-caption\"><strong>Dessin crayon<\/strong> \/ Vue bassin du commerce, port de Rhin &#8211; 21 cm x 28 cm &#8211; 2017<\/figcaption><\/figure>\n\n\n\n<div style=\"height:100px\" aria-hidden=\"true\" class=\"wp-block-spacer\"><\/div>\n\n\n\n<figure class=\"wp-block-image size-large is-resized\"><img data-recalc-dims=\"1\" loading=\"lazy\" decoding=\"async\" src=\"https:\/\/i0.wp.com\/davidsibieude.art\/wp-content\/uploads\/2022\/11\/Corbeille-de-mandarines-Berlin-2017-21-cm-x-14-cm-1.jpg?resize=920%2C1285&#038;ssl=1\" alt=\"\" class=\"wp-image-2046\" width=\"920\" height=\"1285\" srcset=\"https:\/\/i0.wp.com\/davidsibieude.art\/wp-content\/uploads\/2022\/11\/Corbeille-de-mandarines-Berlin-2017-21-cm-x-14-cm-1.jpg?resize=733%2C1024&amp;ssl=1 733w, https:\/\/i0.wp.com\/davidsibieude.art\/wp-content\/uploads\/2022\/11\/Corbeille-de-mandarines-Berlin-2017-21-cm-x-14-cm-1.jpg?resize=215%2C300&amp;ssl=1 215w, https:\/\/i0.wp.com\/davidsibieude.art\/wp-content\/uploads\/2022\/11\/Corbeille-de-mandarines-Berlin-2017-21-cm-x-14-cm-1.jpg?resize=768%2C1073&amp;ssl=1 768w, https:\/\/i0.wp.com\/davidsibieude.art\/wp-content\/uploads\/2022\/11\/Corbeille-de-mandarines-Berlin-2017-21-cm-x-14-cm-1.jpg?resize=1100%2C1536&amp;ssl=1 1100w, https:\/\/i0.wp.com\/davidsibieude.art\/wp-content\/uploads\/2022\/11\/Corbeille-de-mandarines-Berlin-2017-21-cm-x-14-cm-1.jpg?resize=1466%2C2048&amp;ssl=1 1466w, https:\/\/i0.wp.com\/davidsibieude.art\/wp-content\/uploads\/2022\/11\/Corbeille-de-mandarines-Berlin-2017-21-cm-x-14-cm-1.jpg?w=1691&amp;ssl=1 1691w\" sizes=\"auto, (max-width: 920px) 100vw, 920px\" \/><figcaption class=\"wp-element-caption\"><strong>Dessin crayon<\/strong> \/ Corbeille de mandarines, Berlin &#8211; 21 cm x 14 cm &#8211; 2017<\/figcaption><\/figure>\n\n\n\n<div style=\"height:100px\" aria-hidden=\"true\" class=\"wp-block-spacer\"><\/div>\n\n\n\n<figure class=\"wp-block-image size-large is-resized\"><img data-recalc-dims=\"1\" loading=\"lazy\" decoding=\"async\" src=\"https:\/\/i0.wp.com\/davidsibieude.art\/wp-content\/uploads\/2022\/11\/Chaise-appartement-Henri-2017-21-cm-x-14.jpg?resize=920%2C1385&#038;ssl=1\" alt=\"\" class=\"wp-image-1882\" width=\"920\" height=\"1385\" srcset=\"https:\/\/i0.wp.com\/davidsibieude.art\/wp-content\/uploads\/2022\/11\/Chaise-appartement-Henri-2017-21-cm-x-14.jpg?resize=680%2C1024&amp;ssl=1 680w, https:\/\/i0.wp.com\/davidsibieude.art\/wp-content\/uploads\/2022\/11\/Chaise-appartement-Henri-2017-21-cm-x-14.jpg?resize=199%2C300&amp;ssl=1 199w, https:\/\/i0.wp.com\/davidsibieude.art\/wp-content\/uploads\/2022\/11\/Chaise-appartement-Henri-2017-21-cm-x-14.jpg?resize=768%2C1157&amp;ssl=1 768w, https:\/\/i0.wp.com\/davidsibieude.art\/wp-content\/uploads\/2022\/11\/Chaise-appartement-Henri-2017-21-cm-x-14.jpg?resize=1020%2C1536&amp;ssl=1 1020w, https:\/\/i0.wp.com\/davidsibieude.art\/wp-content\/uploads\/2022\/11\/Chaise-appartement-Henri-2017-21-cm-x-14.jpg?resize=1360%2C2048&amp;ssl=1 1360w, https:\/\/i0.wp.com\/davidsibieude.art\/wp-content\/uploads\/2022\/11\/Chaise-appartement-Henri-2017-21-cm-x-14.jpg?w=1568&amp;ssl=1 1568w\" sizes=\"auto, (max-width: 920px) 100vw, 920px\" \/><figcaption class=\"wp-element-caption\"><strong>Dessin crayon<\/strong> \/ Chaise appartement Henri &#8211; 21 cm x 14 cm &#8211; 2017<\/figcaption><\/figure>\n\n\n\n<div style=\"height:100px\" aria-hidden=\"true\" class=\"wp-block-spacer\"><\/div>\n\n\n\n<figure class=\"wp-block-image size-large is-resized\"><img data-recalc-dims=\"1\" loading=\"lazy\" decoding=\"async\" src=\"https:\/\/i0.wp.com\/davidsibieude.art\/wp-content\/uploads\/2022\/11\/Gants-latex-et-fourchette-2017-18-cm-x-14-cm.jpg?resize=920%2C1077&#038;ssl=1\" alt=\"\" class=\"wp-image-1883\" width=\"920\" height=\"1077\" srcset=\"https:\/\/i0.wp.com\/davidsibieude.art\/wp-content\/uploads\/2022\/11\/Gants-latex-et-fourchette-2017-18-cm-x-14-cm.jpg?resize=875%2C1024&amp;ssl=1 875w, https:\/\/i0.wp.com\/davidsibieude.art\/wp-content\/uploads\/2022\/11\/Gants-latex-et-fourchette-2017-18-cm-x-14-cm.jpg?resize=256%2C300&amp;ssl=1 256w, https:\/\/i0.wp.com\/davidsibieude.art\/wp-content\/uploads\/2022\/11\/Gants-latex-et-fourchette-2017-18-cm-x-14-cm.jpg?resize=768%2C899&amp;ssl=1 768w, https:\/\/i0.wp.com\/davidsibieude.art\/wp-content\/uploads\/2022\/11\/Gants-latex-et-fourchette-2017-18-cm-x-14-cm.jpg?resize=1312%2C1536&amp;ssl=1 1312w, https:\/\/i0.wp.com\/davidsibieude.art\/wp-content\/uploads\/2022\/11\/Gants-latex-et-fourchette-2017-18-cm-x-14-cm.jpg?resize=1750%2C2048&amp;ssl=1 1750w, https:\/\/i0.wp.com\/davidsibieude.art\/wp-content\/uploads\/2022\/11\/Gants-latex-et-fourchette-2017-18-cm-x-14-cm.jpg?w=2018&amp;ssl=1 2018w\" sizes=\"auto, (max-width: 920px) 100vw, 920px\" \/><figcaption class=\"wp-element-caption\"><strong>Dessin crayon<\/strong> \/ Gants latex et fourchette &#8211; 21 cm x 14 cm &#8211; 2017<\/figcaption><\/figure>\n\n\n\n<div style=\"height:100px\" aria-hidden=\"true\" class=\"wp-block-spacer\"><\/div>\n\n\n\n<figure class=\"wp-block-image size-large is-resized\"><img data-recalc-dims=\"1\" loading=\"lazy\" decoding=\"async\" src=\"https:\/\/i0.wp.com\/davidsibieude.art\/wp-content\/uploads\/2022\/11\/Gaziniere-Anna-Berlin-2017-21-cm-x-14-cm.jpg?resize=920%2C1375&#038;ssl=1\" alt=\"\" class=\"wp-image-1884\" width=\"920\" height=\"1375\" srcset=\"https:\/\/i0.wp.com\/davidsibieude.art\/wp-content\/uploads\/2022\/11\/Gaziniere-Anna-Berlin-2017-21-cm-x-14-cm.jpg?resize=685%2C1024&amp;ssl=1 685w, https:\/\/i0.wp.com\/davidsibieude.art\/wp-content\/uploads\/2022\/11\/Gaziniere-Anna-Berlin-2017-21-cm-x-14-cm.jpg?resize=201%2C300&amp;ssl=1 201w, https:\/\/i0.wp.com\/davidsibieude.art\/wp-content\/uploads\/2022\/11\/Gaziniere-Anna-Berlin-2017-21-cm-x-14-cm.jpg?resize=768%2C1149&amp;ssl=1 768w, https:\/\/i0.wp.com\/davidsibieude.art\/wp-content\/uploads\/2022\/11\/Gaziniere-Anna-Berlin-2017-21-cm-x-14-cm.jpg?resize=1027%2C1536&amp;ssl=1 1027w, https:\/\/i0.wp.com\/davidsibieude.art\/wp-content\/uploads\/2022\/11\/Gaziniere-Anna-Berlin-2017-21-cm-x-14-cm.jpg?resize=1369%2C2048&amp;ssl=1 1369w, https:\/\/i0.wp.com\/davidsibieude.art\/wp-content\/uploads\/2022\/11\/Gaziniere-Anna-Berlin-2017-21-cm-x-14-cm.jpg?w=1579&amp;ssl=1 1579w\" sizes=\"auto, (max-width: 920px) 100vw, 920px\" \/><figcaption class=\"wp-element-caption\"><strong>Dessin crayon<\/strong> \/ Gazini\u00e8re Anna Berlin &#8211; 21 cm x 14 cm &#8211; 2017<\/figcaption><\/figure>\n\n\n\n<div style=\"height:100px\" aria-hidden=\"true\" class=\"wp-block-spacer\"><\/div>\n\n\n\n<figure class=\"wp-block-image size-large\"><img data-recalc-dims=\"1\" loading=\"lazy\" decoding=\"async\" width=\"1024\" height=\"797\" src=\"https:\/\/i0.wp.com\/davidsibieude.art\/wp-content\/uploads\/2022\/11\/Feu-et-pieton-rouge-2015-13-cm-x-18-cm.jpg?resize=1024%2C797&#038;ssl=1\" alt=\"\" class=\"wp-image-1876\" srcset=\"https:\/\/i0.wp.com\/davidsibieude.art\/wp-content\/uploads\/2022\/11\/Feu-et-pieton-rouge-2015-13-cm-x-18-cm.jpg?resize=1024%2C797&amp;ssl=1 1024w, https:\/\/i0.wp.com\/davidsibieude.art\/wp-content\/uploads\/2022\/11\/Feu-et-pieton-rouge-2015-13-cm-x-18-cm.jpg?resize=300%2C234&amp;ssl=1 300w, https:\/\/i0.wp.com\/davidsibieude.art\/wp-content\/uploads\/2022\/11\/Feu-et-pieton-rouge-2015-13-cm-x-18-cm.jpg?resize=768%2C598&amp;ssl=1 768w, https:\/\/i0.wp.com\/davidsibieude.art\/wp-content\/uploads\/2022\/11\/Feu-et-pieton-rouge-2015-13-cm-x-18-cm.jpg?resize=1536%2C1196&amp;ssl=1 1536w, https:\/\/i0.wp.com\/davidsibieude.art\/wp-content\/uploads\/2022\/11\/Feu-et-pieton-rouge-2015-13-cm-x-18-cm.jpg?resize=2048%2C1595&amp;ssl=1 2048w\" sizes=\"auto, (max-width: 1024px) 100vw, 1024px\" \/><figcaption class=\"wp-element-caption\"><strong>Dessin crayon<\/strong> \/ Feu et pi\u00e9ton rouge &#8211; 13 cm x 18 cm &#8211; 2015<\/figcaption><\/figure>\n\n\n\n<div style=\"height:100px\" aria-hidden=\"true\" class=\"wp-block-spacer\"><\/div>\n\n\n\n<figure class=\"wp-block-image size-large is-resized\"><img data-recalc-dims=\"1\" loading=\"lazy\" decoding=\"async\" src=\"https:\/\/i0.wp.com\/davidsibieude.art\/wp-content\/uploads\/2022\/11\/Parc-de-Pourtales-2015-27-cm-x-18-cm.jpg?resize=920%2C1367&#038;ssl=1\" alt=\"\" class=\"wp-image-1902\" width=\"920\" height=\"1367\" srcset=\"https:\/\/i0.wp.com\/davidsibieude.art\/wp-content\/uploads\/2022\/11\/Parc-de-Pourtales-2015-27-cm-x-18-cm.jpg?resize=689%2C1024&amp;ssl=1 689w, https:\/\/i0.wp.com\/davidsibieude.art\/wp-content\/uploads\/2022\/11\/Parc-de-Pourtales-2015-27-cm-x-18-cm.jpg?resize=202%2C300&amp;ssl=1 202w, https:\/\/i0.wp.com\/davidsibieude.art\/wp-content\/uploads\/2022\/11\/Parc-de-Pourtales-2015-27-cm-x-18-cm.jpg?resize=768%2C1141&amp;ssl=1 768w, https:\/\/i0.wp.com\/davidsibieude.art\/wp-content\/uploads\/2022\/11\/Parc-de-Pourtales-2015-27-cm-x-18-cm.jpg?resize=1034%2C1536&amp;ssl=1 1034w, https:\/\/i0.wp.com\/davidsibieude.art\/wp-content\/uploads\/2022\/11\/Parc-de-Pourtales-2015-27-cm-x-18-cm.jpg?resize=1379%2C2048&amp;ssl=1 1379w, https:\/\/i0.wp.com\/davidsibieude.art\/wp-content\/uploads\/2022\/11\/Parc-de-Pourtales-2015-27-cm-x-18-cm.jpg?w=1590&amp;ssl=1 1590w\" sizes=\"auto, (max-width: 920px) 100vw, 920px\" \/><figcaption class=\"wp-element-caption\"><strong>Dessin crayon<\/strong> \/ Parc de Pourtal\u00e8s &#8211; 27 cm x 18 cm &#8211; 2015<\/figcaption><\/figure>\n\n\n\n<div style=\"height:100px\" aria-hidden=\"true\" class=\"wp-block-spacer\"><\/div>\n\n\n\n<figure class=\"wp-block-image size-large\"><img data-recalc-dims=\"1\" loading=\"lazy\" decoding=\"async\" width=\"1024\" height=\"913\" src=\"https:\/\/i0.wp.com\/davidsibieude.art\/wp-content\/uploads\/2022\/11\/Vue-avant-port-port-du-Rhin-2017-175-cm-x-24-cm.jpg?resize=1024%2C913&#038;ssl=1\" alt=\"\" class=\"wp-image-1905\" srcset=\"https:\/\/i0.wp.com\/davidsibieude.art\/wp-content\/uploads\/2022\/11\/Vue-avant-port-port-du-Rhin-2017-175-cm-x-24-cm.jpg?resize=1024%2C913&amp;ssl=1 1024w, https:\/\/i0.wp.com\/davidsibieude.art\/wp-content\/uploads\/2022\/11\/Vue-avant-port-port-du-Rhin-2017-175-cm-x-24-cm.jpg?resize=300%2C267&amp;ssl=1 300w, https:\/\/i0.wp.com\/davidsibieude.art\/wp-content\/uploads\/2022\/11\/Vue-avant-port-port-du-Rhin-2017-175-cm-x-24-cm.jpg?resize=768%2C685&amp;ssl=1 768w, https:\/\/i0.wp.com\/davidsibieude.art\/wp-content\/uploads\/2022\/11\/Vue-avant-port-port-du-Rhin-2017-175-cm-x-24-cm.jpg?resize=1536%2C1370&amp;ssl=1 1536w, https:\/\/i0.wp.com\/davidsibieude.art\/wp-content\/uploads\/2022\/11\/Vue-avant-port-port-du-Rhin-2017-175-cm-x-24-cm.jpg?resize=2048%2C1826&amp;ssl=1 2048w\" sizes=\"auto, (max-width: 1024px) 100vw, 1024px\" \/><figcaption class=\"wp-element-caption\"><strong>Dessin crayon<\/strong> \/ Port du Rhin &#8211; 17,5 cm x 24 cm &#8211; 2015<\/figcaption><\/figure>\n","protected":false},"excerpt":{"rendered":"<p>Cette s\u00e9rie r\u00e9unit des dessins r\u00e9alis\u00e9s avec des crayons de couleur ou des mines de plomb. Je dessine toujours sur le motif ou d\u2019apr\u00e8s des croquis r\u00e9alis\u00e9s sur le motif et n\u2019aime pas travailler d\u2019apr\u00e8s photographie.<\/p>\n","protected":false},"author":1,"featured_media":0,"parent":0,"menu_order":0,"comment_status":"closed","ping_status":"closed","template":"","meta":{"footnotes":""},"class_list":["post-146","page","type-page","status-publish"],"yoast_head":"<!-- This site is optimized with the Yoast SEO plugin v26.0 - https:\/\/yoast.com\/wordpress\/plugins\/seo\/ -->\n<title>Dessin crayon - David Sibieude<\/title>\n<meta name=\"robots\" content=\"index, follow, max-snippet:-1, max-image-preview:large, max-video-preview:-1\" \/>\n<link rel=\"canonical\" href=\"https:\/\/davidsibieude.art\/index.php\/dessin-crayon\/\" \/>\n<meta property=\"og:locale\" content=\"fr_FR\" \/>\n<meta property=\"og:type\" content=\"article\" \/>\n<meta property=\"og:title\" content=\"Dessin crayon - David Sibieude\" \/>\n<meta property=\"og:description\" content=\"Cette s\u00e9rie r\u00e9unit des dessins r\u00e9alis\u00e9s avec des crayons de couleur ou des mines de plomb. Je dessine toujours sur le motif ou d\u2019apr\u00e8s des croquis r\u00e9alis\u00e9s sur le motif et n\u2019aime pas travailler d\u2019apr\u00e8s photographie.\" \/>\n<meta property=\"og:url\" content=\"https:\/\/davidsibieude.art\/index.php\/dessin-crayon\/\" \/>\n<meta property=\"og:site_name\" content=\"David Sibieude\" \/>\n<meta property=\"article:modified_time\" content=\"2022-11-09T19:32:40+00:00\" \/>\n<meta property=\"og:image\" content=\"https:\/\/davidsibieude.art\/wp-content\/uploads\/2022\/11\/La-piscine-gonflable-orange-21-cm-x-29-cm-2018-1024x765.jpg\" \/>\n<meta name=\"twitter:card\" content=\"summary_large_image\" \/>\n<meta name=\"twitter:label1\" content=\"Dur\u00e9e de lecture estim\u00e9e\" \/>\n\t<meta name=\"twitter:data1\" content=\"1 minute\" \/>\n<script type=\"application\/ld+json\" class=\"yoast-schema-graph\">{\"@context\":\"https:\/\/schema.org\",\"@graph\":[{\"@type\":\"WebPage\",\"@id\":\"https:\/\/davidsibieude.art\/index.php\/dessin-crayon\/\",\"url\":\"https:\/\/davidsibieude.art\/index.php\/dessin-crayon\/\",\"name\":\"Dessin crayon - David Sibieude\",\"isPartOf\":{\"@id\":\"https:\/\/davidsibieude.art\/#website\"},\"primaryImageOfPage\":{\"@id\":\"https:\/\/davidsibieude.art\/index.php\/dessin-crayon\/#primaryimage\"},\"image\":{\"@id\":\"https:\/\/davidsibieude.art\/index.php\/dessin-crayon\/#primaryimage\"},\"thumbnailUrl\":\"https:\/\/davidsibieude.art\/wp-content\/uploads\/2022\/11\/La-piscine-gonflable-orange-21-cm-x-29-cm-2018-1024x765.jpg\",\"datePublished\":\"2022-10-04T08:47:46+00:00\",\"dateModified\":\"2022-11-09T19:32:40+00:00\",\"breadcrumb\":{\"@id\":\"https:\/\/davidsibieude.art\/index.php\/dessin-crayon\/#breadcrumb\"},\"inLanguage\":\"fr-FR\",\"potentialAction\":[{\"@type\":\"ReadAction\",\"target\":[\"https:\/\/davidsibieude.art\/index.php\/dessin-crayon\/\"]}]},{\"@type\":\"ImageObject\",\"inLanguage\":\"fr-FR\",\"@id\":\"https:\/\/davidsibieude.art\/index.php\/dessin-crayon\/#primaryimage\",\"url\":\"https:\/\/i0.wp.com\/davidsibieude.art\/wp-content\/uploads\/2022\/11\/La-piscine-gonflable-orange-21-cm-x-29-cm-2018.jpg?fit=2362%2C1765&ssl=1\",\"contentUrl\":\"https:\/\/i0.wp.com\/davidsibieude.art\/wp-content\/uploads\/2022\/11\/La-piscine-gonflable-orange-21-cm-x-29-cm-2018.jpg?fit=2362%2C1765&ssl=1\",\"width\":2362,\"height\":1765},{\"@type\":\"BreadcrumbList\",\"@id\":\"https:\/\/davidsibieude.art\/index.php\/dessin-crayon\/#breadcrumb\",\"itemListElement\":[{\"@type\":\"ListItem\",\"position\":1,\"name\":\"Accueil\",\"item\":\"https:\/\/davidsibieude.art\/\"},{\"@type\":\"ListItem\",\"position\":2,\"name\":\"Dessin crayon\"}]},{\"@type\":\"WebSite\",\"@id\":\"https:\/\/davidsibieude.art\/#website\",\"url\":\"https:\/\/davidsibieude.art\/\",\"name\":\"David Sibieude\",\"description\":\"artiste peintre\",\"potentialAction\":[{\"@type\":\"SearchAction\",\"target\":{\"@type\":\"EntryPoint\",\"urlTemplate\":\"https:\/\/davidsibieude.art\/?s={search_term_string}\"},\"query-input\":{\"@type\":\"PropertyValueSpecification\",\"valueRequired\":true,\"valueName\":\"search_term_string\"}}],\"inLanguage\":\"fr-FR\"}]}<\/script>\n<!-- \/ Yoast SEO plugin. -->","yoast_head_json":{"title":"Dessin crayon - David Sibieude","robots":{"index":"index","follow":"follow","max-snippet":"max-snippet:-1","max-image-preview":"max-image-preview:large","max-video-preview":"max-video-preview:-1"},"canonical":"https:\/\/davidsibieude.art\/index.php\/dessin-crayon\/","og_locale":"fr_FR","og_type":"article","og_title":"Dessin crayon - David Sibieude","og_description":"Cette s\u00e9rie r\u00e9unit des dessins r\u00e9alis\u00e9s avec des crayons de couleur ou des mines de plomb. Je dessine toujours sur le motif ou d\u2019apr\u00e8s des croquis r\u00e9alis\u00e9s sur le motif et n\u2019aime pas travailler d\u2019apr\u00e8s photographie.","og_url":"https:\/\/davidsibieude.art\/index.php\/dessin-crayon\/","og_site_name":"David Sibieude","article_modified_time":"2022-11-09T19:32:40+00:00","og_image":[{"url":"https:\/\/davidsibieude.art\/wp-content\/uploads\/2022\/11\/La-piscine-gonflable-orange-21-cm-x-29-cm-2018-1024x765.jpg","type":"","width":"","height":""}],"twitter_card":"summary_large_image","twitter_misc":{"Dur\u00e9e de lecture estim\u00e9e":"1 minute"},"schema":{"@context":"https:\/\/schema.org","@graph":[{"@type":"WebPage","@id":"https:\/\/davidsibieude.art\/index.php\/dessin-crayon\/","url":"https:\/\/davidsibieude.art\/index.php\/dessin-crayon\/","name":"Dessin crayon - David Sibieude","isPartOf":{"@id":"https:\/\/davidsibieude.art\/#website"},"primaryImageOfPage":{"@id":"https:\/\/davidsibieude.art\/index.php\/dessin-crayon\/#primaryimage"},"image":{"@id":"https:\/\/davidsibieude.art\/index.php\/dessin-crayon\/#primaryimage"},"thumbnailUrl":"https:\/\/davidsibieude.art\/wp-content\/uploads\/2022\/11\/La-piscine-gonflable-orange-21-cm-x-29-cm-2018-1024x765.jpg","datePublished":"2022-10-04T08:47:46+00:00","dateModified":"2022-11-09T19:32:40+00:00","breadcrumb":{"@id":"https:\/\/davidsibieude.art\/index.php\/dessin-crayon\/#breadcrumb"},"inLanguage":"fr-FR","potentialAction":[{"@type":"ReadAction","target":["https:\/\/davidsibieude.art\/index.php\/dessin-crayon\/"]}]},{"@type":"ImageObject","inLanguage":"fr-FR","@id":"https:\/\/davidsibieude.art\/index.php\/dessin-crayon\/#primaryimage","url":"https:\/\/i0.wp.com\/davidsibieude.art\/wp-content\/uploads\/2022\/11\/La-piscine-gonflable-orange-21-cm-x-29-cm-2018.jpg?fit=2362%2C1765&ssl=1","contentUrl":"https:\/\/i0.wp.com\/davidsibieude.art\/wp-content\/uploads\/2022\/11\/La-piscine-gonflable-orange-21-cm-x-29-cm-2018.jpg?fit=2362%2C1765&ssl=1","width":2362,"height":1765},{"@type":"BreadcrumbList","@id":"https:\/\/davidsibieude.art\/index.php\/dessin-crayon\/#breadcrumb","itemListElement":[{"@type":"ListItem","position":1,"name":"Accueil","item":"https:\/\/davidsibieude.art\/"},{"@type":"ListItem","position":2,"name":"Dessin crayon"}]},{"@type":"WebSite","@id":"https:\/\/davidsibieude.art\/#website","url":"https:\/\/davidsibieude.art\/","name":"David Sibieude","description":"artiste peintre","potentialAction":[{"@type":"SearchAction","target":{"@type":"EntryPoint","urlTemplate":"https:\/\/davidsibieude.art\/?s={search_term_string}"},"query-input":{"@type":"PropertyValueSpecification","valueRequired":true,"valueName":"search_term_string"}}],"inLanguage":"fr-FR"}]}},"jetpack_sharing_enabled":true,"_links":{"self":[{"href":"https:\/\/davidsibieude.art\/index.php\/wp-json\/wp\/v2\/pages\/146","targetHints":{"allow":["GET"]}}],"collection":[{"href":"https:\/\/davidsibieude.art\/index.php\/wp-json\/wp\/v2\/pages"}],"about":[{"href":"https:\/\/davidsibieude.art\/index.php\/wp-json\/wp\/v2\/types\/page"}],"author":[{"embeddable":true,"href":"https:\/\/davidsibieude.art\/index.php\/wp-json\/wp\/v2\/users\/1"}],"replies":[{"embeddable":true,"href":"https:\/\/davidsibieude.art\/index.php\/wp-json\/wp\/v2\/comments?post=146"}],"version-history":[{"count":15,"href":"https:\/\/davidsibieude.art\/index.php\/wp-json\/wp\/v2\/pages\/146\/revisions"}],"predecessor-version":[{"id":2076,"href":"https:\/\/davidsibieude.art\/index.php\/wp-json\/wp\/v2\/pages\/146\/revisions\/2076"}],"wp:attachment":[{"href":"https:\/\/davidsibieude.art\/index.php\/wp-json\/wp\/v2\/media?parent=146"}],"curies":[{"name":"wp","href":"https:\/\/api.w.org\/{rel}","templated":true}]}}