{"id":1216,"date":"2022-11-03T16:20:16","date_gmt":"2022-11-03T15:20:16","guid":{"rendered":"https:\/\/davidsibieude.art\/?page_id=1216"},"modified":"2022-11-09T21:36:44","modified_gmt":"2022-11-09T20:36:44","slug":"peinture-gomettes","status":"publish","type":"page","link":"https:\/\/davidsibieude.art\/index.php\/peinture-gomettes\/","title":{"rendered":"Peinture gommettes"},"content":{"rendered":"\n<div style=\"height:100px\" aria-hidden=\"true\" class=\"wp-block-spacer\"><\/div>\n\n\n\n<p><em>Peinture gommettes<\/em> est une s\u00e9rie rassemblant des peintures abstraites sur lesquelles je colle des gommettes color\u00e9es. Dans cette recherche j&rsquo;essaye d&rsquo;atteindre un seuil en peinture, une situation arch\u00e9typale avec le moins de moyens picturaux possible. J&rsquo;aspire, avec ces peintures, \u00e0 mettre en exergue ce que peut \u00eatre l&rsquo;intention premi\u00e8re du peintre. J&rsquo;associe deux gestes picturaux d&rsquo;une grande simplicit\u00e9 : d\u00e9finir deux zones en peintures qui vont mat\u00e9rialiser une ligne s&rsquo;apparentant \u00e0 un horizon et cr\u00e9er une sorte d&rsquo;espace pictural primaire, puis y coller des gommettes qui elles exprimeront plut\u00f4t le d\u00e9placement d&rsquo;un objet, d&rsquo;un corps dans cet espace constitu\u00e9. Les dessins cr\u00e9\u00e9s par ces lignes en pointill\u00e9s \u00e9voquent les peintures pari\u00e9tales. On ne sait pas si le motif esquiss\u00e9 a \u00e9t\u00e9 effac\u00e9 par le temps, si il se dissimule dans l&rsquo;espace sur lequel il se d\u00e9ploit ou si encore il d\u00e9veloppe sa trajectoire pour constituer une image reconnaissable.<\/p>\n\n\n\n<div style=\"height:100px\" aria-hidden=\"true\" class=\"wp-block-spacer\"><\/div>\n\n\n\n<figure class=\"wp-block-image size-full is-resized\"><img data-recalc-dims=\"1\" loading=\"lazy\" decoding=\"async\" src=\"https:\/\/i0.wp.com\/davidsibieude.art\/wp-content\/uploads\/2022\/11\/acryl-gommettes-54-x-65-site-web.jpg?resize=919%2C975&#038;ssl=1\" alt=\"\" class=\"wp-image-1225\" width=\"919\" height=\"975\" srcset=\"https:\/\/i0.wp.com\/davidsibieude.art\/wp-content\/uploads\/2022\/11\/acryl-gommettes-54-x-65-site-web.jpg?w=802&amp;ssl=1 802w, https:\/\/i0.wp.com\/davidsibieude.art\/wp-content\/uploads\/2022\/11\/acryl-gommettes-54-x-65-site-web.jpg?resize=283%2C300&amp;ssl=1 283w, https:\/\/i0.wp.com\/davidsibieude.art\/wp-content\/uploads\/2022\/11\/acryl-gommettes-54-x-65-site-web.jpg?resize=768%2C815&amp;ssl=1 768w\" sizes=\"auto, (max-width: 919px) 100vw, 919px\" \/><figcaption class=\"wp-element-caption\"><strong>Peinture gommettes<\/strong> \/ Sans titre &#8211; 65 cm x 54 cm &#8211; 2016<\/figcaption><\/figure>\n\n\n\n<div style=\"height:100px\" aria-hidden=\"true\" class=\"wp-block-spacer\"><\/div>\n\n\n\n<figure class=\"wp-block-image size-large\"><img data-recalc-dims=\"1\" loading=\"lazy\" decoding=\"async\" width=\"1024\" height=\"768\" src=\"https:\/\/i0.wp.com\/davidsibieude.art\/wp-content\/uploads\/2022\/11\/acryl-gommettes-50-x-65.jpg?resize=1024%2C768&#038;ssl=1\" alt=\"\" class=\"wp-image-1229\" srcset=\"https:\/\/i0.wp.com\/davidsibieude.art\/wp-content\/uploads\/2022\/11\/acryl-gommettes-50-x-65.jpg?resize=1024%2C768&amp;ssl=1 1024w, https:\/\/i0.wp.com\/davidsibieude.art\/wp-content\/uploads\/2022\/11\/acryl-gommettes-50-x-65.jpg?resize=300%2C225&amp;ssl=1 300w, https:\/\/i0.wp.com\/davidsibieude.art\/wp-content\/uploads\/2022\/11\/acryl-gommettes-50-x-65.jpg?resize=768%2C576&amp;ssl=1 768w, https:\/\/i0.wp.com\/davidsibieude.art\/wp-content\/uploads\/2022\/11\/acryl-gommettes-50-x-65.jpg?w=1136&amp;ssl=1 1136w\" sizes=\"auto, (max-width: 1024px) 100vw, 1024px\" \/><figcaption class=\"wp-element-caption\"><strong>Peinture gommettes<\/strong> \/ Sans titre &#8211; 50 cm x 65 cm &#8211; 2016<\/figcaption><\/figure>\n\n\n\n<div style=\"height:100px\" aria-hidden=\"true\" class=\"wp-block-spacer\"><\/div>\n\n\n\n<figure class=\"wp-block-image size-large is-resized\"><img data-recalc-dims=\"1\" loading=\"lazy\" decoding=\"async\" src=\"https:\/\/i0.wp.com\/davidsibieude.art\/wp-content\/uploads\/2022\/11\/acryl-gommettes-50-x-60.jpg?resize=921%2C1228&#038;ssl=1\" alt=\"\" class=\"wp-image-1234\" width=\"921\" height=\"1228\" srcset=\"https:\/\/i0.wp.com\/davidsibieude.art\/wp-content\/uploads\/2022\/11\/acryl-gommettes-50-x-60.jpg?resize=768%2C1024&amp;ssl=1 768w, https:\/\/i0.wp.com\/davidsibieude.art\/wp-content\/uploads\/2022\/11\/acryl-gommettes-50-x-60.jpg?resize=225%2C300&amp;ssl=1 225w, https:\/\/i0.wp.com\/davidsibieude.art\/wp-content\/uploads\/2022\/11\/acryl-gommettes-50-x-60.jpg?w=852&amp;ssl=1 852w\" sizes=\"auto, (max-width: 921px) 100vw, 921px\" \/><figcaption class=\"wp-element-caption\"><strong>Peinture gommettes<\/strong> \/ Sans titre &#8211; 60 cm x 50 cm &#8211; 2016<\/figcaption><\/figure>\n\n\n\n<div style=\"height:100px\" aria-hidden=\"true\" class=\"wp-block-spacer\"><\/div>\n\n\n\n<figure class=\"wp-block-image size-large is-resized\"><img data-recalc-dims=\"1\" loading=\"lazy\" decoding=\"async\" src=\"https:\/\/i0.wp.com\/davidsibieude.art\/wp-content\/uploads\/2022\/11\/acryl-gommettes-385-x-61.jpg?resize=921%2C1228&#038;ssl=1\" alt=\"\" class=\"wp-image-1237\" width=\"921\" height=\"1228\" srcset=\"https:\/\/i0.wp.com\/davidsibieude.art\/wp-content\/uploads\/2022\/11\/acryl-gommettes-385-x-61.jpg?resize=768%2C1024&amp;ssl=1 768w, https:\/\/i0.wp.com\/davidsibieude.art\/wp-content\/uploads\/2022\/11\/acryl-gommettes-385-x-61.jpg?resize=225%2C300&amp;ssl=1 225w, https:\/\/i0.wp.com\/davidsibieude.art\/wp-content\/uploads\/2022\/11\/acryl-gommettes-385-x-61.jpg?w=852&amp;ssl=1 852w\" sizes=\"auto, (max-width: 921px) 100vw, 921px\" \/><figcaption class=\"wp-element-caption\"><strong>Peinture gommettes<\/strong> \/ Sans titre &#8211; 61 cm x 38 cm &#8211; 2016<\/figcaption><\/figure>\n\n\n\n<div style=\"height:100px\" aria-hidden=\"true\" class=\"wp-block-spacer\"><\/div>\n\n\n\n<figure class=\"wp-block-image size-large\"><img data-recalc-dims=\"1\" loading=\"lazy\" decoding=\"async\" width=\"1024\" height=\"768\" src=\"https:\/\/i0.wp.com\/davidsibieude.art\/wp-content\/uploads\/2022\/11\/acryl-gommettes-20-x-50-1.jpg?resize=1024%2C768&#038;ssl=1\" alt=\"\" class=\"wp-image-1244\" srcset=\"https:\/\/i0.wp.com\/davidsibieude.art\/wp-content\/uploads\/2022\/11\/acryl-gommettes-20-x-50-1.jpg?resize=1024%2C768&amp;ssl=1 1024w, https:\/\/i0.wp.com\/davidsibieude.art\/wp-content\/uploads\/2022\/11\/acryl-gommettes-20-x-50-1.jpg?resize=300%2C225&amp;ssl=1 300w, https:\/\/i0.wp.com\/davidsibieude.art\/wp-content\/uploads\/2022\/11\/acryl-gommettes-20-x-50-1.jpg?resize=768%2C576&amp;ssl=1 768w, https:\/\/i0.wp.com\/davidsibieude.art\/wp-content\/uploads\/2022\/11\/acryl-gommettes-20-x-50-1.jpg?w=1136&amp;ssl=1 1136w\" sizes=\"auto, (max-width: 1024px) 100vw, 1024px\" \/><figcaption class=\"wp-element-caption\"><strong>Peinture gommettes<\/strong> \/ Sans titre &#8211; 20 cm x 50 cm &#8211; 2016<\/figcaption><\/figure>\n\n\n\n<div style=\"height:100px\" aria-hidden=\"true\" class=\"wp-block-spacer\"><\/div>\n\n\n\n<figure class=\"wp-block-image size-full is-resized\"><img data-recalc-dims=\"1\" loading=\"lazy\" decoding=\"async\" src=\"https:\/\/i0.wp.com\/davidsibieude.art\/wp-content\/uploads\/2022\/11\/DSCN0186-site-internet.jpg?resize=920%2C1092&#038;ssl=1\" alt=\"\" class=\"wp-image-1247\" width=\"920\" height=\"1092\" srcset=\"https:\/\/i0.wp.com\/davidsibieude.art\/wp-content\/uploads\/2022\/11\/DSCN0186-site-internet.jpg?w=718&amp;ssl=1 718w, https:\/\/i0.wp.com\/davidsibieude.art\/wp-content\/uploads\/2022\/11\/DSCN0186-site-internet.jpg?resize=253%2C300&amp;ssl=1 253w\" sizes=\"auto, (max-width: 920px) 100vw, 920px\" \/><figcaption class=\"wp-element-caption\"><strong>Peinture gommettes<\/strong> \/ Sans titre &#8211; 65 cm x 50 cm &#8211; 2016<\/figcaption><\/figure>\n\n\n\n<div style=\"height:100px\" aria-hidden=\"true\" class=\"wp-block-spacer\"><\/div>\n\n\n\n<figure class=\"wp-block-image size-large is-resized\"><img data-recalc-dims=\"1\" loading=\"lazy\" decoding=\"async\" src=\"https:\/\/i0.wp.com\/davidsibieude.art\/wp-content\/uploads\/2022\/11\/DSCN0191.jpg?resize=920%2C1227&#038;ssl=1\" alt=\"\" class=\"wp-image-1249\" width=\"920\" height=\"1227\" srcset=\"https:\/\/i0.wp.com\/davidsibieude.art\/wp-content\/uploads\/2022\/11\/DSCN0191.jpg?resize=768%2C1024&amp;ssl=1 768w, https:\/\/i0.wp.com\/davidsibieude.art\/wp-content\/uploads\/2022\/11\/DSCN0191.jpg?resize=225%2C300&amp;ssl=1 225w, https:\/\/i0.wp.com\/davidsibieude.art\/wp-content\/uploads\/2022\/11\/DSCN0191.jpg?w=852&amp;ssl=1 852w\" sizes=\"auto, (max-width: 920px) 100vw, 920px\" \/><figcaption class=\"wp-element-caption\"><strong>Peinture gommettes<\/strong> \/ Sans titre &#8211; 50 cm x 25 cm &#8211; 2016<\/figcaption><\/figure>\n\n\n\n<div style=\"height:100px\" aria-hidden=\"true\" class=\"wp-block-spacer\"><\/div>\n\n\n\n<figure class=\"wp-block-image size-large\"><img data-recalc-dims=\"1\" loading=\"lazy\" decoding=\"async\" width=\"1024\" height=\"768\" src=\"https:\/\/i0.wp.com\/davidsibieude.art\/wp-content\/uploads\/2022\/11\/DSCN0192.jpg?resize=1024%2C768&#038;ssl=1\" alt=\"\" class=\"wp-image-1251\" srcset=\"https:\/\/i0.wp.com\/davidsibieude.art\/wp-content\/uploads\/2022\/11\/DSCN0192.jpg?resize=1024%2C768&amp;ssl=1 1024w, https:\/\/i0.wp.com\/davidsibieude.art\/wp-content\/uploads\/2022\/11\/DSCN0192.jpg?resize=300%2C225&amp;ssl=1 300w, https:\/\/i0.wp.com\/davidsibieude.art\/wp-content\/uploads\/2022\/11\/DSCN0192.jpg?resize=768%2C576&amp;ssl=1 768w, https:\/\/i0.wp.com\/davidsibieude.art\/wp-content\/uploads\/2022\/11\/DSCN0192.jpg?w=1136&amp;ssl=1 1136w\" sizes=\"auto, (max-width: 1024px) 100vw, 1024px\" \/><figcaption class=\"wp-element-caption\"><strong>Peinture gommettes<\/strong> \/ Sans titre &#8211; 21 cm x 28 cm &#8211; 2016<\/figcaption><\/figure>\n","protected":false},"excerpt":{"rendered":"<p>Peinture gommettes est une s\u00e9rie rassemblant des peintures abstraites sur lesquelles je colle des gommettes color\u00e9es. Dans cette recherche j&rsquo;essaye d&rsquo;atteindre un seuil en peinture, une situation arch\u00e9typale avec le moins de moyens picturaux possible. J&rsquo;aspire, avec ces peintures, \u00e0 mettre en exergue ce que peut \u00eatre l&rsquo;intention premi\u00e8re du peintre. J&rsquo;associe deux gestes picturaux &#8230; <a title=\"Peinture gommettes\" class=\"read-more\" href=\"https:\/\/davidsibieude.art\/index.php\/peinture-gomettes\/\" aria-label=\"En savoir plus sur Peinture gommettes\">Lire la suite<\/a><\/p>\n","protected":false},"author":1,"featured_media":0,"parent":0,"menu_order":0,"comment_status":"closed","ping_status":"closed","template":"","meta":{"footnotes":""},"class_list":["post-1216","page","type-page","status-publish"],"yoast_head":"<!-- This site is optimized with the Yoast SEO plugin v26.0 - https:\/\/yoast.com\/wordpress\/plugins\/seo\/ -->\n<title>Peinture gommettes - David Sibieude<\/title>\n<meta name=\"robots\" content=\"index, follow, max-snippet:-1, max-image-preview:large, max-video-preview:-1\" \/>\n<link rel=\"canonical\" href=\"https:\/\/davidsibieude.art\/index.php\/peinture-gomettes\/\" \/>\n<meta property=\"og:locale\" content=\"fr_FR\" \/>\n<meta property=\"og:type\" content=\"article\" \/>\n<meta property=\"og:title\" content=\"Peinture gommettes - David Sibieude\" \/>\n<meta property=\"og:description\" content=\"Peinture gommettes est une s\u00e9rie rassemblant des peintures abstraites sur lesquelles je colle des gommettes color\u00e9es. Dans cette recherche j&rsquo;essaye d&rsquo;atteindre un seuil en peinture, une situation arch\u00e9typale avec le moins de moyens picturaux possible. J&rsquo;aspire, avec ces peintures, \u00e0 mettre en exergue ce que peut \u00eatre l&rsquo;intention premi\u00e8re du peintre. J&rsquo;associe deux gestes picturaux ... Lire la suite\" \/>\n<meta property=\"og:url\" content=\"https:\/\/davidsibieude.art\/index.php\/peinture-gomettes\/\" \/>\n<meta property=\"og:site_name\" content=\"David Sibieude\" \/>\n<meta property=\"article:modified_time\" content=\"2022-11-09T20:36:44+00:00\" \/>\n<meta property=\"og:image\" content=\"https:\/\/davidsibieude.art\/wp-content\/uploads\/2022\/11\/acryl-gommettes-54-x-65-site-web.jpg\" \/>\n<meta name=\"twitter:card\" content=\"summary_large_image\" \/>\n<meta name=\"twitter:label1\" content=\"Dur\u00e9e de lecture estim\u00e9e\" \/>\n\t<meta name=\"twitter:data1\" content=\"1 minute\" \/>\n<script type=\"application\/ld+json\" class=\"yoast-schema-graph\">{\"@context\":\"https:\/\/schema.org\",\"@graph\":[{\"@type\":\"WebPage\",\"@id\":\"https:\/\/davidsibieude.art\/index.php\/peinture-gomettes\/\",\"url\":\"https:\/\/davidsibieude.art\/index.php\/peinture-gomettes\/\",\"name\":\"Peinture gommettes - David Sibieude\",\"isPartOf\":{\"@id\":\"https:\/\/davidsibieude.art\/#website\"},\"primaryImageOfPage\":{\"@id\":\"https:\/\/davidsibieude.art\/index.php\/peinture-gomettes\/#primaryimage\"},\"image\":{\"@id\":\"https:\/\/davidsibieude.art\/index.php\/peinture-gomettes\/#primaryimage\"},\"thumbnailUrl\":\"https:\/\/davidsibieude.art\/wp-content\/uploads\/2022\/11\/acryl-gommettes-54-x-65-site-web.jpg\",\"datePublished\":\"2022-11-03T15:20:16+00:00\",\"dateModified\":\"2022-11-09T20:36:44+00:00\",\"breadcrumb\":{\"@id\":\"https:\/\/davidsibieude.art\/index.php\/peinture-gomettes\/#breadcrumb\"},\"inLanguage\":\"fr-FR\",\"potentialAction\":[{\"@type\":\"ReadAction\",\"target\":[\"https:\/\/davidsibieude.art\/index.php\/peinture-gomettes\/\"]}]},{\"@type\":\"ImageObject\",\"inLanguage\":\"fr-FR\",\"@id\":\"https:\/\/davidsibieude.art\/index.php\/peinture-gomettes\/#primaryimage\",\"url\":\"https:\/\/i0.wp.com\/davidsibieude.art\/wp-content\/uploads\/2022\/11\/acryl-gommettes-54-x-65-site-web.jpg?fit=802%2C851&ssl=1\",\"contentUrl\":\"https:\/\/i0.wp.com\/davidsibieude.art\/wp-content\/uploads\/2022\/11\/acryl-gommettes-54-x-65-site-web.jpg?fit=802%2C851&ssl=1\",\"width\":802,\"height\":851},{\"@type\":\"BreadcrumbList\",\"@id\":\"https:\/\/davidsibieude.art\/index.php\/peinture-gomettes\/#breadcrumb\",\"itemListElement\":[{\"@type\":\"ListItem\",\"position\":1,\"name\":\"Accueil\",\"item\":\"https:\/\/davidsibieude.art\/\"},{\"@type\":\"ListItem\",\"position\":2,\"name\":\"Peinture gommettes\"}]},{\"@type\":\"WebSite\",\"@id\":\"https:\/\/davidsibieude.art\/#website\",\"url\":\"https:\/\/davidsibieude.art\/\",\"name\":\"David Sibieude\",\"description\":\"artiste peintre\",\"potentialAction\":[{\"@type\":\"SearchAction\",\"target\":{\"@type\":\"EntryPoint\",\"urlTemplate\":\"https:\/\/davidsibieude.art\/?s={search_term_string}\"},\"query-input\":{\"@type\":\"PropertyValueSpecification\",\"valueRequired\":true,\"valueName\":\"search_term_string\"}}],\"inLanguage\":\"fr-FR\"}]}<\/script>\n<!-- \/ Yoast SEO plugin. -->","yoast_head_json":{"title":"Peinture gommettes - David Sibieude","robots":{"index":"index","follow":"follow","max-snippet":"max-snippet:-1","max-image-preview":"max-image-preview:large","max-video-preview":"max-video-preview:-1"},"canonical":"https:\/\/davidsibieude.art\/index.php\/peinture-gomettes\/","og_locale":"fr_FR","og_type":"article","og_title":"Peinture gommettes - David Sibieude","og_description":"Peinture gommettes est une s\u00e9rie rassemblant des peintures abstraites sur lesquelles je colle des gommettes color\u00e9es. Dans cette recherche j&rsquo;essaye d&rsquo;atteindre un seuil en peinture, une situation arch\u00e9typale avec le moins de moyens picturaux possible. J&rsquo;aspire, avec ces peintures, \u00e0 mettre en exergue ce que peut \u00eatre l&rsquo;intention premi\u00e8re du peintre. J&rsquo;associe deux gestes picturaux ... Lire la suite","og_url":"https:\/\/davidsibieude.art\/index.php\/peinture-gomettes\/","og_site_name":"David Sibieude","article_modified_time":"2022-11-09T20:36:44+00:00","og_image":[{"url":"https:\/\/davidsibieude.art\/wp-content\/uploads\/2022\/11\/acryl-gommettes-54-x-65-site-web.jpg","type":"","width":"","height":""}],"twitter_card":"summary_large_image","twitter_misc":{"Dur\u00e9e de lecture estim\u00e9e":"1 minute"},"schema":{"@context":"https:\/\/schema.org","@graph":[{"@type":"WebPage","@id":"https:\/\/davidsibieude.art\/index.php\/peinture-gomettes\/","url":"https:\/\/davidsibieude.art\/index.php\/peinture-gomettes\/","name":"Peinture gommettes - David Sibieude","isPartOf":{"@id":"https:\/\/davidsibieude.art\/#website"},"primaryImageOfPage":{"@id":"https:\/\/davidsibieude.art\/index.php\/peinture-gomettes\/#primaryimage"},"image":{"@id":"https:\/\/davidsibieude.art\/index.php\/peinture-gomettes\/#primaryimage"},"thumbnailUrl":"https:\/\/davidsibieude.art\/wp-content\/uploads\/2022\/11\/acryl-gommettes-54-x-65-site-web.jpg","datePublished":"2022-11-03T15:20:16+00:00","dateModified":"2022-11-09T20:36:44+00:00","breadcrumb":{"@id":"https:\/\/davidsibieude.art\/index.php\/peinture-gomettes\/#breadcrumb"},"inLanguage":"fr-FR","potentialAction":[{"@type":"ReadAction","target":["https:\/\/davidsibieude.art\/index.php\/peinture-gomettes\/"]}]},{"@type":"ImageObject","inLanguage":"fr-FR","@id":"https:\/\/davidsibieude.art\/index.php\/peinture-gomettes\/#primaryimage","url":"https:\/\/i0.wp.com\/davidsibieude.art\/wp-content\/uploads\/2022\/11\/acryl-gommettes-54-x-65-site-web.jpg?fit=802%2C851&ssl=1","contentUrl":"https:\/\/i0.wp.com\/davidsibieude.art\/wp-content\/uploads\/2022\/11\/acryl-gommettes-54-x-65-site-web.jpg?fit=802%2C851&ssl=1","width":802,"height":851},{"@type":"BreadcrumbList","@id":"https:\/\/davidsibieude.art\/index.php\/peinture-gomettes\/#breadcrumb","itemListElement":[{"@type":"ListItem","position":1,"name":"Accueil","item":"https:\/\/davidsibieude.art\/"},{"@type":"ListItem","position":2,"name":"Peinture gommettes"}]},{"@type":"WebSite","@id":"https:\/\/davidsibieude.art\/#website","url":"https:\/\/davidsibieude.art\/","name":"David Sibieude","description":"artiste peintre","potentialAction":[{"@type":"SearchAction","target":{"@type":"EntryPoint","urlTemplate":"https:\/\/davidsibieude.art\/?s={search_term_string}"},"query-input":{"@type":"PropertyValueSpecification","valueRequired":true,"valueName":"search_term_string"}}],"inLanguage":"fr-FR"}]}},"jetpack_sharing_enabled":true,"_links":{"self":[{"href":"https:\/\/davidsibieude.art\/index.php\/wp-json\/wp\/v2\/pages\/1216","targetHints":{"allow":["GET"]}}],"collection":[{"href":"https:\/\/davidsibieude.art\/index.php\/wp-json\/wp\/v2\/pages"}],"about":[{"href":"https:\/\/davidsibieude.art\/index.php\/wp-json\/wp\/v2\/types\/page"}],"author":[{"embeddable":true,"href":"https:\/\/davidsibieude.art\/index.php\/wp-json\/wp\/v2\/users\/1"}],"replies":[{"embeddable":true,"href":"https:\/\/davidsibieude.art\/index.php\/wp-json\/wp\/v2\/comments?post=1216"}],"version-history":[{"count":22,"href":"https:\/\/davidsibieude.art\/index.php\/wp-json\/wp\/v2\/pages\/1216\/revisions"}],"predecessor-version":[{"id":2155,"href":"https:\/\/davidsibieude.art\/index.php\/wp-json\/wp\/v2\/pages\/1216\/revisions\/2155"}],"wp:attachment":[{"href":"https:\/\/davidsibieude.art\/index.php\/wp-json\/wp\/v2\/media?parent=1216"}],"curies":[{"name":"wp","href":"https:\/\/api.w.org\/{rel}","templated":true}]}}